1)/h.
2, 3
Let u = -218 - -220. What are the prime factors of (1 + u)/((-21)/(-7672) - 0)?
2, 137
Suppose -93929 = -2*g + 37*x - 42*x, 4*g - 5*x - 187873 = 0. What are the prime factors of g?
67, 701
List the prime factors of (-885)/(2 + (-8)/4 - 6/36).
2, 3, 5, 59
Let a(p) = 2*p**2 + 6*p + 9. Let v be a(6). Suppose 2*y + 57 = -y. Let b = y + v. List the prime factors of b.
2, 7
Let y(r) = 3*r - 1. Let h be y(5). Suppose -c + 2*k - h = -0*k, -3*c - 30 = -3*k. List the prime factors of (-213)/(-2) + c/12.
2, 53
List the prime factors of (17/((-187)/54054))/(-1).
2, 3, 7, 13
Let h = 17099 + -9603. List the prime factors of h.
2, 937
Suppose 12*a = 3720 + 1812. List the prime factors of a.
461
Let c be 4*1 - 26460/(-27). Suppose 15 = -3*f, 2*y - c = 3*f - 91. List the prime factors of y.
439
Suppose -44*u + 7946 = -6310. What are the prime factors of (20/6)/((-2256)/u + 7)?
2, 3, 5
Let g = 829 - 619. Suppose 5*n + g = 1920. What are the prime factors of n?
2, 3, 19
Let v(f) = 131*f + 270. List the prime factors of v(17).
11, 227
Suppose 5*l + 836 = 3*p - 2344, 2*l - p = -1271. Suppose 4 = -g + 3*g. What are the prime factors of -2 + l/(-6) - (-1)/g?
2, 13
Suppose 5*n - 1828 = -5*r + 52, r = -3*n + 380. Suppose h - 785 = -3*c, -250 = -c - 0*c + 2*h. Let t = r - c. What are the prime factors of t?
2, 3, 19
Let h be 3/12*-1 - 38/8. List the prime factors of (-29089)/(-38) - (h/2 - -2).
2, 383
Suppose -12*x + 48 = -8*x. Suppose -8 = -4*s + x. Suppose -u + 69 + 181 = 4*n, s*n = -2*u + 311. What are the prime factors of n?
3, 7
Let y = 8151 + -5256. Suppose 3*a = -3*c + y, 18*c - 4815 = 13*c + 5*a. List the prime factors of c.
2, 241
Suppose -n = -18*n. Suppose n*s = 8*s - 8. What are the prime factors of (-6 - s)/(-1*(-1)/(-23))?
7, 23
Let x(n) = -316*n - 828. List the prime factors of x(-116).
2, 13, 53
Let x(s) = 23*s**2 + 11*s + 23. Let i(l) = 2*l - 39. Let d be i(18). What are the prime factors of x(d)?
197
Let d = -29 + 32. Suppose -5*n = -15, 2*x + 63 = -d*x + n. Let b(k) = -5*k + 27. What are the prime factors of b(x)?
3, 29
Let y = 873 - -393. Let d = 1970 - y. List the prime factors of d.
2, 11
Let d = 153 - 67. Let t = 180 - 173. Suppose -t*b = -481 - d. List the prime factors of b.
3
Suppose b + 9 = -4*t, -2*b = 4*t + 6 - 0. Let n(w) = w**3 - 3*w**2 - 9. Let a be n(b). Let k = a - -22. What are the prime factors of k?
13
Suppose 7*h + y - 3 = 6*h, 33 = 3*h - 5*y. Let c(s) = 81*s - 193. List the prime factors of c(h).
293
Suppose 0 = -c - 5*p + 10827, -c + 5*p = -7127 - 3690. List the prime factors of c.
2, 7, 773
Let a = -5322 - -7871. What are the prime factors of a?
2549
Let y(a) = 74*a**3 + 2*a**2 - 1. Suppose -3*t - 2 + 5 = 0. Let w be y(t). Let m = -57 + w. What are the prime factors of m?
2, 3
Let l be 99965/15 + 8/(-24). List the prime factors of (-4)/(-10) + l/40.
167
Let x = 39 + -36. Suppose -2*f - x*y - 9 = -852, -5*f = -2*y - 2155. List the prime factors of f.
3, 11, 13
Let q(m) = -m**3 - 14*m**2 - 12*m + 14. Let j be q(-13). What are the prime factors of j + -1 - (-27 + -472)?
499
What are the prime factors of (-191431)/(-7) + (-415)/(-581)?
2, 3, 43, 53
Suppose 22*a + 217153 - 1153603 = -68*a. What are the prime factors of a?
5, 2081
Suppose -7*o + 6*o = -5*z, 0 = -2*o - 3*z - 65. Let c(s) = 4*s**2 + 85*s + 79. List the prime factors of c(o).
2, 227
Let d = 29394 + -22439. List the prime factors of d.
5, 13, 107
Suppose -4*m + 32356 = 4*k, -8*m - 8095 = -9*m - 4*k. List the prime factors of m.
8087
Let n be 6 - (6 - -235) - -5. Let d = 266 + n. What are the prime factors of d?
2, 3
Suppose 10489*x - 10477*x - 103824 = 0. What are the prime factors of x?
2, 3, 7, 103
Let y be 1/(-9) - ((-2265410)/63)/(-10). Let n = y + 5050. What are the prime factors of n?
2, 727
Suppose 0 = -3*p + p - 20. Let c be (-198)/p + 3/15. Let f = 10 + c. What are the prime factors of f?
2, 3, 5
Suppose 8*h - 5*h - 6 = 0. Suppose 0 = -h*j - j + 156. Let a = 241 + j. List the prime factors of a.
293
Suppose -52 + 47 = i, i + 811 = p. List the prime factors of p.
2, 13, 31
Let m(w) = 24480*w**3 - w**2 + 123*w - 121. List the prime factors of m(1).
24481
Suppose -633 = o + 2*g - 3459, -2*o = -5*g - 5679. List the prime factors of o.
2, 3, 59
Let f = 30 - 21. Suppose 21*d = 18*d + f. Suppose 2*u + d*u = 335. What are the prime factors of u?
67
Suppose 0 = -2*w + 4*s + 2760, 13*s = -4*w + 9*s + 5568. Suppose 4*l = 4*i + w, 0 = 4*i - 11 - 9. List the prime factors of l.
2, 11
Let u be 6 - (4 + -3 + 3). Suppose -3*x - 4*v = -28, -u + 22 = 5*v. Suppose 38 = x*y - 242. List the prime factors of y.
2, 5, 7
List the prime factors of 7/(-147) - (-1029212)/42.
5, 13, 29
Suppose -2*k - 11 = -3*t, -4*t + 4 + 14 = -k. Suppose k*v - x - 228 = -78, v - 5*x - 93 = 0. What are the prime factors of v?
73
Let x be (27/(-6) - -4)*-8. Suppose -20 = 4*u + 4*b + 20, u - x*b = 5. Let a = u + 34. What are the prime factors of a?
3
Suppose -5*k + 299425 = 5*u, 16*u - 17*u = -2*k + 119773. What are the prime factors of k?
2, 3, 1109
Let k = -232 + 235. Let g(l) = 55*l**2 - 11. List the prime factors of g(k).
2, 11
Suppose 2*k - 6*k + 765 = 3*q, -3*k = -2*q + 527. Let w = -171 + q. What are the prime factors of w?
2, 11
Let f be 363 - 36*8/32. Suppose -2*w + 1060 = -f. What are the prime factors of w?
7, 101
Let j = 12356 + 1315. List the prime factors of j.
3, 7, 31
Let t be 220/40*(-24)/(-22). Suppose 5*o = 5*d + 2405, t*o - 9*o + 1459 = 5*d. List the prime factors of o.
3, 7, 23
Let f(o) = 2*o - 52. Let j be f(25). Let r(k) be the first derivative of -9*k**4 - 2*k**3/3 - k**2 - 8*k + 21. List the prime factors of r(j).
2, 3, 23
Let v = -40140 - -79007. What are the prime factors of v?
38867
Let r(n) = 3*n**2 + 14*n - 744. List the prime factors of r(-37).
5, 569
Suppose 0 = -k - 4*l + 599, 6*k + 4*l = 8*k - 1210. Suppose 2*p - 8 = -y - 410, 3*p + 3*y = -k. Let b = p - -297. What are the prime factors of b?
2, 3
Let y be 6/8 - (-238)/56. Suppose -5*r = y*l - 4140, 3310 = 4*r - l + 4*l. What are the prime factors of r?
2, 7, 59
Let x(s) = 4*s**2 - 7*s - 2. Let t be x(6). Suppose -102 = -a + 3*j, -a + 2*j + t - 3 = 0. Let h = 177 - a. List the prime factors of h.
2, 3, 5
Let z(x) = x**3 + 7*x**2 + 6*x + 2. Let r be z(-5). Let j(d) = 33*d - 24 - 33 - 10*d + r. List the prime factors of j(7).
2, 3, 7
Suppose -2*y + 71 = 15. Let t = 33 - y. Suppose -163 = t*q - 548. List the prime factors of q.
7, 11
Let s = -121 + -228. Let x = 698 + s. What are the prime factors of x?
349
Suppose 0 = 86*g - 1055778 - 228546. List the prime factors of g.
2, 3, 19, 131
Suppose 66*w = -386286 + 2182344. What are the prime factors of w?
3, 47, 193
Suppose -4*c + 2*b = -40, -5*c + 7*b - 4*b + 52 = 0. What are the prime factors of c/16 + 734*(-6)/(-8)?
19, 29
Suppose -2*y - 53 + 91 = 0. Let k = y - 14. Suppose -3*g = h - 425, -5*g + k*h = 135 - 810. What are the prime factors of g?
2, 5, 7
Let s be 1/((-2)/(-930))*-1. Let k = -251 - s. Suppose a - 2*d = 3*a - k, -2*a + d = -214. List the prime factors of a.
107
Let s be 13/(52/(-16))*(-2 - -1). Suppose -s*f - 12 = 0, -407 = -3*m - 2*m + 4*f. List the prime factors of m.
79
Let k be (-349)/2 + 3/(-6) + 2. Let h = 480 + k. List the prime factors of h.
307
Let w = -5146 + 7967. List the prime factors of w.
7, 13, 31
Suppose -i - 2*i = -15*i. Suppose 619 = 3*c + 2*q, -3*c + 0*q - 3*q + 618 = i. What are the prime factors of c?
3, 23
Suppose 61*o = 64*o - 6. Suppose b - 4*i - 44 = 0, b + o*i - 24 = 8. What are the prime factors of (-426)/4*(-24)/b?
71
Suppose 25065 = -10*j + 14*j + 5*s, 18792 = 3*j - 3*s. List the prime factors of j.
5, 7, 179
Suppose 35861 + 69594 = 23*f. List the prime factors of f.
5, 7, 131
Let r = 4476 + -2637. List the prime factors of r.
3, 613
Let x = 330 - 211. Let g = 122 - x. Suppose -3*d = 9, -d - g*d + 82 = v. List the prime factors of v.
2, 47
Suppose -5*p + 133 = -t - t, 5*p - 3*t = 137. Suppose -12*w + 29156 = p*w. What are the prime factors of w?
2, 197
Let c be (1 - (1 - 4/6))*-6. Let v be (0 - (-135)/12)*c. What are the prime factors of v*(-24)/20*1?
2, 3
Let r be (-14)/(-35) - (-4)/(-10). Suppose 8*c - 3*c - 770 = r. Suppose p - 4*y = -p + c, -2*p = 5*y - 118. List the prime factors of p.
3, 23
Let x(i) = -i**3 + 7*i**